t + 16 = 3*b + t, o = -5*b + 5*t + 25. List the prime factors of b.
2
Let m = 4 - 3. Suppose k + 8 = -m. Let j(i) = -i - 3. What are the prime factors of j(k)?
2, 3
Let g(o) = o + 3. Let a(d) = 2*d - 4. Let i be a(6). What are the prime factors of g(i)?
11
Let u be 8/(2*1/3). Let j = u + 3. List the prime factors of j.
3, 5
Let b(f) = 9*f**3 - f**2 + 1. Suppose 3*v - 2 - 1 = 0. List the prime factors of b(v).
3
Let t be ((-4)/(-6))/(1/12). Suppose -5*p - 10 = -2*o, -4*o + p + t = -3*p. Let h(n) = n**2 + 5. What are the prime factors of h(o)?
5
Suppose 0 = -4*c - 3*z + 43, 3*z = -0*c + 2*c - 17. Suppose -c*j + 152 = -6*j. List the prime factors of j.
2, 19
Let f(z) be the third derivative of -z**6/120 - 7*z**5/60 - z**4/8 - 7*z**3/6 + 6*z**2. List the prime factors of f(-7).
2, 7
Suppose -4*n + 4 = -2*v + 14, 5*n + 4*v - 20 = 0. Suppose a - 2 + n = 0. What are the prime factors of (-188)/(-16) + a/8?
2, 3
Suppose -2*s = 3*g - 15 - 19, 21 = 2*g + s. What are the prime factors of g?
2
Let h(c) = -c**3 + 5*c**2 + 2*c - 3. Let p be h(5). Suppose 0 = -3*n - p + 103. List the prime factors of n.
2
Let r(n) = -59*n - 36. List the prime factors of r(-4).
2, 5
Let t(f) = -98*f - 44. What are the prime factors of t(-3)?
2, 5
Let y(q) = q**2 + 4*q - 7. Let t be y(-6). Suppose 2*v - 85 = -3*v - t*m, m - 73 = -5*v. What are the prime factors of v?
2, 7
Suppose 0 = 5*p + 11 + 14. Let d(r) = 7*r**2 - 11*r + 9. Let k(y) = 4*y**2 - 6*y + 5. Let h(n) = p*k(n) + 3*d(n). What are the prime factors of h(3)?
2
Let o(v) = -v**3 + 7*v**2 - 5*v - 3. Let h be o(6). Let z(q) be the first derivative of q**4/4 - q**3 + 4*q - 1. List the prime factors of z(h).
2
Suppose -5*y = -2*i + 2, -3*i + 3*y = y - 3. Let n(d) = 3*d - 1. Let g be n(i). Suppose x - 30 = -g*x. List the prime factors of x.
2, 5
What are the prime factors of ((-6)/(-12))/(2/68)?
17
Let t(z) = 4*z**2 + 10*z - 1. What are the prime factors of t(-9)?
233
Suppose -3*t - 11 = -2, -342 = -3*o - 5*t. What are the prime factors of o?
7, 17
Let f(g) = 2*g**3 + 19*g**2 - 20*g - 24. What are the prime factors of f(-10)?
2, 19
Let r(c) = -9*c**2 - 25*c + 15. Let b(x) = 5*x**2 + 13*x - 8. Let i(k) = 11*b(k) + 6*r(k). List the prime factors of i(10).
2
Let g = 56 + -49. List the prime factors of g.
7
Suppose -5*b + 161 = -194. List the prime factors of b.
71
Suppose v - 57 + 3 = 0. List the prime factors of v.
2, 3
Let g(l) = l**2 + 10*l - 20. What are the prime factors of g(-14)?
2, 3
Suppose -2*p + 4*f = -24, -3*f - 25 = 2*f. Suppose 2*m - 16 = -2*m. Suppose -12 = -g + 3*w, w + m = p*g + 5*w. What are the prime factors of g?
2, 3
Suppose c = -3*r - 2 - 1, -5*c = -3*r - 3. Suppose 2*o + 3 = -i, 5*o - 7*i + 3*i + 14 = 0. What are the prime factors of 2/o*r*14?
2, 7
Let l be 1 + 0 - (-7 - 1). Let w = l + -15. Let j = w - -10. What are the prime factors of j?
2
Let f(g) be the first derivative of g**2 - 2*g - 4. What are the prime factors of f(4)?
2, 3
Let r = 13 - 9. List the prime factors of 36/(-1 + r) - -1.
13
Let x(l) = -4*l. Let p be x(-1). Let q be (-2 + -6)*p*-1. Suppose j = -4*z - 3*j + q, 5*z - 5*j = 50. List the prime factors of z.
3
Let w(m) be the third derivative of m**4/24 + 3*m**3/2 - m**2. List the prime factors of w(-6).
3
Let y(t) be the second derivative of t**5/20 + t**4/3 - t**3/6 - t**2 + 4*t. List the prime factors of y(-4).
2
Let m(q) = q**2 + 5*q - 7. Let x(j) be the first derivative of -j**3/3 + 2*j**2 - 2*j + 1. Let f be x(5). What are the prime factors of m(f)?
7
Let y be 37*(6 - 3) + 1. Suppose 2*t - y = -2*t - 4*s, -85 = -3*t - 2*s. List the prime factors of t.
29
Let y(j) = -j**3 - 7*j**2 + 5*j. List the prime factors of y(-9).
3, 13
Let q(o) = 256*o**2 - 3*o - 3. List the prime factors of q(-1).
2
Suppose 2*i + 3*i = 0, -5*p + 5*i = 5. Let g be ((-33)/(-22))/((-6)/184). What are the prime factors of p/5 + g/(-5)?
3
Let r = 711 + -427. What are the prime factors of r?
2, 71
Let a = -1 + -3. Let l = 6 + a. List the prime factors of (5 - (l + -2)) + 0.
5
Let o(r) be the second derivative of -r**4/12 + 7*r**3/3 + 5*r**2 + 2*r. List the prime factors of o(10).
2, 5
Suppose 2*p - 130 = -10. List the prime factors of p.
2, 3, 5
Let t(q) = 4*q**3 + q**2 - q + 2. What are the prime factors of t(3)?
2, 29
Suppose 5*v = 7*v - 124. List the prime factors of v.
2, 31
Let v(u) = -u**3 - 6*u**2 - 4*u + 4. List the prime factors of v(-6).
2, 7
Suppose 32 + 1 = k. What are the prime factors of k?
3, 11
Let b(q) = q**3 - 5*q**2 - 3*q - 14. List the prime factors of b(6).
2
Let r(g) = -g**3 + 10*g**2 + 7*g + 24. List the prime factors of r(10).
2, 47
Let c(p) = p**3 + 9*p**2 - 2*p - 6. Let l be c(-9). Let u = l + 9. Suppose -5*f = -2*v, -5*f = 5*v - u - 49. List the prime factors of v.
2, 5
Suppose -t - 2*t = -5*d - 109, -5*t + 2*d = -188. Suppose 0 = -3*w - 5*q + 74, w = 2*w + 5*q - t. List the prime factors of w.
2, 3
Let z = 7 - 8. Let f be (-9)/((-3)/(-1)) + z. Let r = 1 - f. What are the prime factors of r?
5
Suppose -2*z - 19 = -5*i, -3*i = -z - 1 - 10. Suppose 0 = 5*u + i - 23. Let r = u + 13. List the prime factors of r.
17
Let d be (2 - (-51)/(-12))*4. List the prime factors of (d/(-6) + 0)*2.
3
Let q = 4 - 2. Let n = q - 2. Suppose n = 3*k + 4*v - 26, 3*k + 16 = k + 4*v. List the prime factors of k.
2
Suppose -2*i + i - 4*o + 21 = 0, 5*o = -3*i + 84. List the prime factors of i.
3, 11
Let z(x) = x**2 - 9*x + 9. Suppose 2*c - 8 = -2*n, 2*n = 5*c - 3*n. Suppose 10 + 8 = c*r. List the prime factors of z(r).
3
Let u = 14 - 12. Suppose -c - 5*h - 8 = 0, -u*c - 3*c = 2*h - 6. What are the prime factors of c?
2
Let z(s) = 13*s**2 + 4*s - 3. What are the prime factors of z(2)?
3, 19
Let i(w) = 245*w**3 - w. What are the prime factors of i(1)?
2, 61
Suppose -2*b + 6*b = 44. Suppose 35 = -4*f + b. Let y = -4 - f. What are the prime factors of y?
2
Let a(n) = -7*n**3 + 3*n**2 + 2*n + 2. What are the prime factors of a(-3)?
2, 53
Suppose 0 = -3*k + 3*u + 60, -k + 0*u + 20 = -5*u. What are the prime factors of k?
2, 5
Let m(z) = z**3 - 3*z**2 - 4*z + 2. Let o be m(3). Let n(s) = 2*s**3 + 3*s**2 - 2*s - 2. Let p be n(2). Let h = o + p. List the prime factors of h.
2, 3
Suppose -2*z + 0*i - 2*i = 2, 0 = -2*i - 6. Suppose 0*o - 5*o - 5 = 5*q, 3*o - 1 = -z*q. What are the prime factors of o?
3
Suppose -5*k + 28 = -22. Suppose -6 = -r + k. What are the prime factors of r?
2
Let q be -3*(-6)/9 + -10. Let u = 11 + q. List the prime factors of u.
3
Let w = 197 + -16. What are the prime factors of w?
181
Suppose 0*u + 5*s - 45 = 5*u, 2*u = -s - 9. Let i(m) = -m**3 - 6*m**2 - 4*m + 8. List the prime factors of i(u).
2
Let g(a) = 2*a**2 - 10*a - 3. Let r = 1 + 6. What are the prime factors of g(r)?
5
Let f = 13 + -3. Let y = 0 + f. List the prime factors of y.
2, 5
Suppose -m + n + 15 = 0, -2*m + 3*n + 2*n = -15. Let z = 5 + m. List the prime factors of z.
5
Let l(y) = -y**3 + y**2 + y + 1. Suppose 5*f - 8 + 3 = 0. Let k(p) = -4*p**3 + 11*p**2 + 7*p + 1. Let t(i) = f*k(i) - 5*l(i). List the prime factors of t(-4).
2, 5
Suppose -4*i - 4 = -5*i. Suppose -o = -i*o + 15. What are the prime factors of o?
5
Suppose 0 = -5*x + k + 8, 2*k - 3*k + 8 = 3*x. List the prime factors of 10 + (-5)/(5/x).
2
Let k = -99 + 165. List the prime factors of k.
2, 3, 11
Suppose 731 = 17*o - 0*o. What are the prime factors of o?
43
Let j = 8 - 4. Let v = j + -2. Suppose -v*g - 13 = -3*g. What are the prime factors of g?
13
Let l = 51 - 18. What are the prime factors of l?
3, 11
Let k(t) = -5 - 2 - t**2 + 4 + 6*t. Let p be k(6). Let z = -1 - p. What are the prime factors of z?
2
Let o be (6/(-4))/(6/(-16)). Let q(r) = 7*r + 1. What are the prime factors of q(o)?
29
Let g be 3 - ((1 - 3) + 1). Suppose g = 3*p - 56. Suppose 0 = -5*d - 5*r + p, -3*d + 5*r = -52. What are the prime factors of d?
3
Suppose -4*m + 0*m = -5*z + 48, 2*m + 20 = 2*z. List the prime factors of z.
2
Let o(d) = -10*d. Let x be o(2). Let l = 32 - x. Let u = l - 33. What are the prime factors of u?
19
Let t be ((-2)/(-6))/((-2)/(-36)). Suppose -3*p = t, 4*q + 3 = -p + 33. List the prime factors of q.
2
Let s be (-2)/(-6) + (-44)/(-12). Let o(j) = -5*j + j - j - s*j. What are the prime factors of o(-1)?
3
What are the prime factors of (-46)/5*240/(-24)?
2, 23
Let c(u) = u**